{"id":4502,"date":"2025-08-25T07:37:35","date_gmt":"2025-08-25T07:37:35","guid":{"rendered":"https:\/\/ntnui.no\/badminton\/?page_id=4502"},"modified":"2025-09-03T20:31:35","modified_gmt":"2025-09-03T20:31:35","slug":"for-nye-spillere","status":"publish","type":"page","link":"https:\/\/ntnui.no\/badminton\/for-nye-spillere\/","title":{"rendered":"For nye spillere"},"content":{"rendered":"\n<figure class=\"wp-block-image size-full\"><img loading=\"lazy\" decoding=\"async\" width=\"3750\" height=\"2500\" src=\"https:\/\/ntnui.no\/badminton\/wp-content\/uploads\/sites\/246\/2024\/04\/2024-03-09_Edvard-Reitan_IBD-17.jpg\" alt=\"\" class=\"wp-image-3624\" \/><\/figure>\n\n\n\n<p>\ud83d\udc9a\ud83d\udc9bHu &amp; Hei, Velkommen til NTNUI Badminton!\ud83d\udc9b\ud83d\udc9a<\/p>\n\n\n\n<p>Her kommer en liten introduksjon til deg som er ny i klubben! For \u00e5 kunne trene hos oss m\u00e5 f\u00f8lgende ting v\u00e6re p\u00e5 plass:<\/p>\n\n\n\n<ol class=\"wp-block-list\">\n<li>Du m\u00e5 og ha godkjent NTNUI medlemskap, og m\u00e5 kj\u00f8pes gjennom SiT sine nettsider. Husk \u00e5 registrere deg med SAMME informasjon her i NTNUI som hos SiT. Pass p\u00e5 at du kj\u00f8per med idrettslag inkludert! Medlemskap kan kj\u00f8pes her lengre nede p\u00e5 siden.<\/li>\n\n\n\n<li>Betale medlemskontingent til NTNUI Badminton. I tillegg til \u00e5 v\u00e6re medlem i NTNUI m\u00e5 du kj\u00f8pe medlemskontigent i nettbutikken v\u00e5r. Denne kan refunderes om det skulle oppst\u00e5 problemer og er gyldig i ett semester. Denne kan kj\u00f8pes lengre nede p\u00e5 siden.<\/li>\n\n\n\n<li>Bli med i Spond gruppen. Du f\u00e5r tilgang til treningen n\u00e5r 1. og 2. er gjort. Bruk kode <strong>AKHSN<\/strong> i Spond-appen eller trykk p\u00e5 lenken under: (Det kan ta noen dager fra betalingen er g\u00e5tt gjennom til du f\u00e5r tilgang til Spond, s\u00e5 vi setter pris p\u00e5 t\u00e5lmodigheten deres\u263a\ufe0f)<\/li>\n<\/ol>\n\n\n\n<div class=\"wp-block-buttons is-content-justification-center is-layout-flex wp-container-core-buttons-is-layout-1 wp-block-buttons-is-layout-flex\">\n<div class=\"wp-block-button has-georgia-font-family has-custom-font\" style=\"font-family:Georgia\"><a class=\"wp-block-button__link has-background wp-element-button\" href=\"https:\/\/www.sit.no\/trening\/treningspriser\" style=\"background-color:#00843d\">SiT Trening<\/a><\/div>\n\n\n\n<div class=\"wp-block-button has-georgia-font-family has-custom-font\" style=\"font-family:Georgia\"><a class=\"wp-block-button__link has-background wp-element-button\" href=\"https:\/\/ntnui.no\/badminton\/shop\/\" style=\"background-color:#00843d\">Medlemskontigent<\/a><\/div>\n\n\n\n<div class=\"wp-block-button has-georgia-font-family has-custom-font\" style=\"font-family:Georgia\"><a class=\"wp-block-button__link has-background wp-element-button\" href=\"https:\/\/spond.com\/invite\/AKHSN\" style=\"background-color:#00843d\">Spond<\/a><\/div>\n<\/div>\n\n\n\n<p>Hvis du trenger en steg for steg forklaring p\u00e5 disse stegen kan du se denne videoen:<\/p>\n\n\n\n<p class=\"has-coblocks-blue-color has-text-color has-link-color wp-elements-58d4e96407b8bc029983faf2dada7d64\"><a href=\"https:\/\/www.youtube.com\/watch?v=W7dN88IUkc4\"><span style=\"text-decoration: underline\"><strong>Hvordan bli med i NTNUI Badminton<\/strong><\/span><\/a><\/p>\n\n\n\n<p>N\u00e5r alt dette er i orden vil vi i styret ta deg inn i Spondgruppen og plassere deg i riktig undergruppe. Her vil du f\u00e5 tilgang til \u00e5 melde deg p\u00e5 treninger. Her er det viktig for oss \u00e5 presisere reglene for p\u00e5melding. <\/p>\n\n\n\n<ol class=\"wp-block-list\">\n<li>P\u00e5melding \u00e5pner <strong>2 dager f\u00f8r<\/strong> treningen og den l\u00e5ses <strong>1,5 time f\u00f8r<\/strong> treningen starter.<\/li>\n\n\n\n<li>Det vil f\u00f8res prikker dersom man ikke m\u00f8ter opp p\u00e5 trening n\u00e5r man er p\u00e5meldt. Det tas oppm\u00f8te p\u00e5 HVER trening!<\/li>\n\n\n\n<li>Dersom man f\u00e5r tre prikker, vil man ikke ha mulighet til \u00e5 melde seg p\u00e5 treninger i to uker etterp\u00e5. Det vil ogs\u00e5 medf\u00f8re OBLIGATORISK dugnadsarbeid.<\/li>\n<\/ol>\n\n\n\n<p>Du trenger ikke kj\u00f8pe egen racket hvis du bare vil pr\u00f8ve deg. Vi har l\u00e5neracketer og fj\u00e6rballer som kan brukes. Hvis du skal delta p\u00e5 turneringer, M\u00c5 du ha egen racket, da det ikke l\u00e5nes ut utstyr til dette. Racket kan kj\u00f8pes hvor som helst, men vi i NTUI Badminton har en avtale med Sport Modern som gir deg som medlem 20% rabatt p\u00e5 tekstiler og racketer i tillegg til 10% rabatt p\u00e5 sko, bagger, tilbeh\u00f8r, and baller. Vi selger r\u00f8r med fj\u00e6rballer i v\u00e5r egen nettbutikk eller du kan kj\u00f8pe p\u00e5 trening med Vipps.<\/p>\n\n\n\n<h2 class=\"wp-block-heading has-text-align-center\">Turneringsinformasjon<\/h2>\n\n\n\n<p class=\"has-text-align-left\">Ikke alle har v\u00e6rt p\u00e5 en badmintonturnering f\u00f8r og da kan det v\u00e6re litt vanskelig \u00e5 vite hvordan det fungerer, n\u00e5r man skal m\u00f8te opp, hva som er greit \u00e5 si osv\u2026 S\u00e5 her skal vi lage en liten guide til deg som ikke har v\u00e6rt p\u00e5 s\u00e5 mange turneringer!<\/p>\n\n\n\n<h3 class=\"wp-block-heading has-text-align-center\">Gentleman-sport<\/h3>\n\n\n\n<p class=\"has-text-align-left\">I badminton skal man behandle med- og motspillere p\u00e5 en respektfull m\u00e5te. Man skal ikke juble n\u00e5r motstander gj\u00f8r feil (gjelder b\u00e5de som spiller og tilskuer), man skal gi ballen over p\u00e5 en h\u00f8flig og fin m\u00e5te og generelt oppf\u00f8re seg hyggelig.<\/p>\n\n\n\n<p class=\"has-text-align-left\">Som tilskuer er en uskreven regel om at hvis noen spiller mot noen andre fra samme lag, s\u00e5 heier man p\u00e5 begge spillerne og ikke bare den ene. Alts\u00e5 om to spillere fra NTNUI spiller mot hverandre, s\u00e5 heier man p\u00e5 begge.<\/p>\n\n\n\n<p class=\"has-text-align-left\">Det er viktig at man holder god avstand til baner hvor det spilles kamper, da dette kan forstyrre spillerne.<\/p>\n\n\n\n<h3 class=\"wp-block-heading has-text-align-center\">Oppm\u00f8te<\/h3>\n\n\n\n<p class=\"has-text-align-left\">En turnering kan vare fra fredags kveld til s\u00f8ndags kveld. Ikke lag andre planer en helg du har meldt deg p\u00e5 turnering! En kamp kan bli satt i gang 30 minutter f\u00f8r oppsatt tid, og leeenge etter oppsatt tid, s\u00e5 v\u00e6r fleksibel og v\u00e6r i hallen. Skal du spille klokken 9, m\u00e5 du v\u00e6re i hallen senest 08:30. M\u00f8ter du ikke opp 15 minutter etter opprop, kan du tape p\u00e5 walk-over.<\/p>\n\n\n\n<h3 class=\"wp-block-heading has-text-align-center\">Pauser<\/h3>\n\n\n\n<p class=\"has-text-align-left\">I en vanlig kamp kan spillerne velge om de vil ha pause. Dette skjer n\u00e5r f\u00f8rstemann har f\u00e5tt 11 poeng. Man har rett p\u00e5 60 sekunder med pause p\u00e5 11. Mellom settene (sidebytte p\u00e5 21) har man rett p\u00e5 60 sekunder med pause. Husk ogs\u00e5 at man skal bytte siden nok en gang under pausen i tredje sett &#8211; om det blir tredje sett, og da har man ogs\u00e5 120 sekunders pause. Mellom ballvekslingene har man noen sekunder \u201cpause\u201d f\u00f8r man server eller viser at man er klar til \u00e5 ta imot serven. V\u00e6r tydelig, racket opp betyr klar, racket ned og gjerne ta opp en h\u00e5nd for \u00e5 vise serveren at du ikke er klar. Dersom motstander server n\u00e5r du tydelig viser at du ikke er klar, har du rett p\u00e5 omserv. Dersom du tar imot ballen\/toucher ballen, blir det spill.<\/p>\n\n\n\n<h3 class=\"wp-block-heading has-text-align-center\">Telle kamper<\/h3>\n\n\n\n<p class=\"has-text-align-left\">P\u00e5 lokale turneringer vil det enten v\u00e6re vinnere eller tapere av forrige kamp som m\u00e5 telle neste kamp. Du er ansvarlig for \u00e5 f\u00f8lge med om du blir ropt opp til \u00e5 telle kamp. Da m\u00e5 du m\u00f8te opp i sekretariatet og hente tellebrett og g\u00e5 til tildelt bane. P\u00e5 tellebrettet m\u00e5 det skrives ned poengene i hvert sett. Er du usikker, sp\u00f8r spillerne\/sekretariatet, de har kontroll. Du m\u00e5 derfor ikke g\u00e5 fra hallen, selv om du er ferdig med \u00e5 spille kamper for dagen. Det kan v\u00e6re at du skal telle en kamp f\u00f8rst. Sp\u00f8r i sekretariatet om du er usikker!<\/p>\n\n\n\n<h3 class=\"wp-block-heading has-text-align-center\">Badmintonportalen.no<\/h3>\n\n\n\n<p class=\"has-text-align-left\">Den viktigste siden er terminlisten. Her finner du oversikt over alle turneringene i l\u00f8pet av \u00e5ret. Finner du den turneringen du skal spille, vil du se hvem som er p\u00e5meldt, og se trekningen n\u00e5r den blir lagt ut. Det er viktig \u00e5 v\u00e6re obs p\u00e5 at trekningen kan endre seg helt frem til kampstart. Det er viktig \u00e5 f\u00f8lge med i tilfelle kampene blir en annen dag\/tid.&nbsp;<\/p>\n\n\n\n<div class=\"wp-block-buttons is-content-justification-center is-layout-flex wp-container-core-buttons-is-layout-2 wp-block-buttons-is-layout-flex\">\n<div class=\"wp-block-button\"><a class=\"wp-block-button__link has-background has-text-align-center wp-element-button\" href=\"https:\/\/badmintonportalen.no\/\" style=\"background-color:#00843d\">Badmintonportalen<\/a><\/div>\n<\/div>\n\n\n\n<h3 class=\"wp-block-heading has-text-align-center\">Utstyr<\/h3>\n\n\n\n<p class=\"has-text-align-left\">Det er viktig at du stiller med riktig utstyr p\u00e5 turnering. Du m\u00e5 ha:<\/p>\n\n\n\n<ul class=\"wp-block-list\">\n<li>Racket<\/li>\n\n\n\n<li>Sko<\/li>\n\n\n\n<li>Drikkeflaske<\/li>\n\n\n\n<li>Ta med matpakke<\/li>\n\n\n\n<li>Helst Gr\u00f8nn NTNUI T-skjorte for \u00e5 f\u00e5 st\u00f8tte til startkontigent<\/li>\n<\/ul>\n\n\n\n<h3 class=\"wp-block-heading has-text-align-center\">Samarbeid<\/h3>\n\n\n\n<p>Vi har et samarbeid med Kompis Pizza Singsaker der klubben f\u00e5r 10% kickback av summen du handler p\u00e5 hvis du opplyser at du er medlem av NTNUI Badminton. Dette gir klubben mer midler som kan brukes p\u00e5 nytt utstyr og lignende.<\/p>\n\n\n<div class=\"wp-block-image\">\n<figure class=\"aligncenter size-full\"><img loading=\"lazy\" decoding=\"async\" width=\"422\" height=\"211\" src=\"https:\/\/ntnui.no\/badminton\/wp-content\/uploads\/sites\/246\/2025\/08\/kompis_logo.png\" alt=\"\" class=\"wp-image-4651\" \/><\/figure><\/div>","protected":false},"excerpt":{"rendered":"<p>\ud83d\udc9a\ud83d\udc9bHu &amp; Hei, Velkommen til NTNUI Badminton!\ud83d\udc9b\ud83d\udc9a Her kommer en liten introduksjon til deg som er ny i klubben! For \u00e5 kunne trene hos oss m\u00e5 f\u00f8lgende ting v\u00e6re p\u00e5 plass: Hvis du trenger en steg for steg forklaring p\u00e5 disse stegen kan du se denne videoen: Hvordan bli med i NTNUI Badminton N\u00e5r alt [&hellip;]<\/p>\n","protected":false},"author":657,"featured_media":0,"parent":0,"menu_order":0,"comment_status":"closed","ping_status":"closed","template":"","meta":{"_coblocks_attr":"Times New Roman,Times New Roman,Georgia","_coblocks_dimensions":"","_coblocks_responsive_height":"","_coblocks_accordion_ie_support":"","_price":"","_stock":"","_tribe_ticket_header":"","_tribe_default_ticket_provider":"","_tribe_ticket_capacity":"0","_ticket_start_date":"","_ticket_end_date":"","_tribe_ticket_show_description":"","_tribe_ticket_show_not_going":false,"_tribe_ticket_use_global_stock":"","_tribe_ticket_global_stock_level":"","_global_stock_mode":"","_global_stock_cap":"","_tribe_rsvp_for_event":"","_tribe_ticket_going_count":"","_tribe_ticket_not_going_count":"","_tribe_tickets_list":[],"_tribe_ticket_has_attendee_info_fields":false,"footnotes":""},"class_list":["post-4502","page","type-page","status-publish","hentry"],"featured_image_src":null,"featured_image_src_square":null,"jetpack_sharing_enabled":true,"_links":{"self":[{"href":"https:\/\/ntnui.no\/badminton\/wp-json\/wp\/v2\/pages\/4502","targetHints":{"allow":["GET"]}}],"collection":[{"href":"https:\/\/ntnui.no\/badminton\/wp-json\/wp\/v2\/pages"}],"about":[{"href":"https:\/\/ntnui.no\/badminton\/wp-json\/wp\/v2\/types\/page"}],"author":[{"embeddable":true,"href":"https:\/\/ntnui.no\/badminton\/wp-json\/wp\/v2\/users\/657"}],"replies":[{"embeddable":true,"href":"https:\/\/ntnui.no\/badminton\/wp-json\/wp\/v2\/comments?post=4502"}],"version-history":[{"count":25,"href":"https:\/\/ntnui.no\/badminton\/wp-json\/wp\/v2\/pages\/4502\/revisions"}],"predecessor-version":[{"id":4727,"href":"https:\/\/ntnui.no\/badminton\/wp-json\/wp\/v2\/pages\/4502\/revisions\/4727"}],"wp:attachment":[{"href":"https:\/\/ntnui.no\/badminton\/wp-json\/wp\/v2\/media?parent=4502"}],"curies":[{"name":"wp","href":"https:\/\/api.w.org\/{rel}","templated":true}]}}