{"id":3363,"date":"2024-02-20T20:47:58","date_gmt":"2024-02-20T20:47:58","guid":{"rendered":"https:\/\/ntnui.no\/badminton\/?page_id=3363"},"modified":"2026-01-12T20:15:43","modified_gmt":"2026-01-12T20:15:43","slug":"faq","status":"publish","type":"page","link":"https:\/\/ntnui.no\/badminton\/faq\/","title":{"rendered":"FAQ"},"content":{"rendered":"\n<div class=\"wp-block-coblocks-faq\">\n<h3 class=\"wp-block-heading wp-block-coblocks-faq__title\"><\/h3>\n\n\n\n<details class=\"wp-block-coblocks-faq-item\"><summary class=\"wp-block-coblocks-faq-item__question\"><div class=\"wp-block-coblocks-faq-item__question__content\">Hvem kan bli med?<\/div><\/summary><div class=\"wp-block-coblocks-faq-item__answer\"><div>\n\n<p>Alle studenter og akademisk ansatte ved NTNU. <\/p>\n\n\n<p>For \u00e5 f\u00e5 unntak fra disse kravene m\u00e5 man s\u00f8ke om dispensasjon. Dette gis kun ved spesielle tilfeller. Ta f\u00f8rst kontakt med lederen p\u00e5 <a href=\"mailto:badminton-leder@ntnui.no\"><span style=\"color:#00843d\" class=\"has-inline-color\">badminton-leder@ntnui.no<\/span><\/a> om dette er noe du vurderer.<\/p>\n\n<\/div><\/div><\/details>\n\n\n\n<details class=\"wp-block-coblocks-faq-item\"><summary class=\"wp-block-coblocks-faq-item__question\"><div class=\"wp-block-coblocks-faq-item__question__content\">N\u00e5r er fristen for \u00e5 melde seg inn i klubben?<\/div><\/summary><div class=\"wp-block-coblocks-faq-item__answer\"><div>\n<p>Du kan melde deg inn n\u00e5r som helst!<\/p>\n<\/div><\/div><\/details>\n\n\n\n<details class=\"wp-block-coblocks-faq-item\"><summary class=\"wp-block-coblocks-faq-item__question\"><div class=\"wp-block-coblocks-faq-item__question__content\">Hvordan kan jeg komme i kontakt med styret?<\/div><\/summary><div class=\"wp-block-coblocks-faq-item__answer\"><div>\n<p>Bes\u00f8k <a href=\"https:\/\/ntnui.no\/badminton\/styret-2\/\" data-type=\"page\" data-id=\"1237\"><span style=\"color:#00843d\" class=\"has-inline-color\">styresiden<\/span><\/a> for kontaktinformasjonen til alle styremedlemmene, eller send en mail til <a href=\"mailto:badminton-leder@ntnui.no\"><span style=\"color:#00843d\" class=\"has-inline-color\">badminton-leder@ntnui.no<\/span><\/a>. <\/p>\n<\/div><\/div><\/details>\n\n\n\n<details class=\"wp-block-coblocks-faq-item\"><summary class=\"wp-block-coblocks-faq-item__question\"><div class=\"wp-block-coblocks-faq-item__question__content\">Har vi pr\u00f8vetreninger?<\/div><\/summary><div class=\"wp-block-coblocks-faq-item__answer\"><div>\n<p>Ja det har vi! Vi kommer til \u00e5 ha pr\u00f8vetreninger S\u00f8ndag 18.01 og S\u00f8ndag 25.01. Det kommer til \u00e5 v\u00e6re to \u00f8kter p\u00e5 hver av dagene, s\u00e5 fire \u00f8kter totalt. Den f\u00f8rste vil v\u00e6re fra kl. 18:00 &#8211; 20:00, og den andre fra 20:00 &#8211; 22:00. For \u00e5 melde seg p\u00e5 disse, m\u00e5 du melde deg inn i denne Spond-gruppen: <a href=\"https:\/\/spond.com\/invite\/FGWUC\"><mark style=\"background-color:#ffffff;color:#00843d\" class=\"has-inline-color\">https:\/\/spond.com\/invite\/FGWUC<\/mark><\/a><\/p>\n\n\n\n<p>P\u00e5meldingen til pr\u00f8vetreningene \u00e5pner 2 dager f\u00f8r, alts\u00e5 p\u00e5 Fredagen f\u00f8r. Det er kun 28 plasser p\u00e5 hver av treningene, s\u00e5 her er det f\u00f8rstemann til m\u00f8lla!<\/p>\n\n\n\n<p>Vi vil ogs\u00e5 tilby Mosjonstreninger via Sit hver fredag (fra og med fredag 5. September) 15:00-17:00, hvor du ikke trenger \u00e5 v\u00e6re medlem hos oss for \u00e5 spille. Dette er p\u00e5 Gl\u00f8shaugen, og du m\u00e5 booke timene i appen eller p\u00e5 nettsiden til Sit. Dette er \u00e5pent for alle som hat SIT-medlemskap!<\/p>\n<\/div><\/div><\/details>\n\n\n\n<details class=\"wp-block-coblocks-faq-item\"><summary class=\"wp-block-coblocks-faq-item__question\"><div class=\"wp-block-coblocks-faq-item__question__content\">Er det opptak for \u00e5 bli med i klubben? <\/div><\/summary><div class=\"wp-block-coblocks-faq-item__answer\"><div>\n<p>Nei\ud83d\ude45\u200d\u2642\ufe0f For \u00e5 bli med i klubben er det bare \u00e5 f\u00f8lge disse stegene\ud83e\udd13<\/p>\n\n\n\n<ol class=\"wp-block-list\">\n<li>Trykk p\u00e5 &#8220;Bli med&#8221; i <a href=\"https:\/\/medlem.ntnui.no\/groups\/badminton\/\"><span style=\"color:#00843d\" class=\"has-inline-color\">medlemssystemet<\/span><\/a>.<\/li>\n\n\n\n<li>Betal medlemsavgiften v\u00e5r p\u00e5 100kr, som du finner <a href=\"https:\/\/ntnui.no\/badminton\/product\/medlemskontingent-membership-fee\/\"><span style=\"color:#00843d\" class=\"has-inline-color\">her<\/span><\/a>. Denne gir deg tilgang til Gruppe C, som kun har fritt spill og ingen organisert trening. <\/li>\n\n\n\n<li>Hvis du vil ha tilgang til treningsgruppe A eller B, m\u00e5 du ogs\u00e5 betale treningsavgiften v\u00e5r p\u00e5 400kr. <\/li>\n\n\n\n<li>S\u00f8rg for at du har NTNUI-medlemskap. Dette er inkludert i noen SiT-medlemskap.<\/li>\n\n\n\n<li>Bli med i <mark style=\"background-color:#00000000;color:#00843d\" class=\"has-inline-color\"><a href=\"https:\/\/spond.com\/invite\/FXIAQ\">Spond gruppen<\/a><\/mark> v\u00e5r for \u00e5 f\u00e5 invitasjon til treninger.<\/li>\n<\/ol>\n\n\n\n<p><\/p>\n<\/div><\/div><\/details>\n\n\n\n<details class=\"wp-block-coblocks-faq-item\"><summary class=\"wp-block-coblocks-faq-item__question\"><div class=\"wp-block-coblocks-faq-item__question__content\">M\u00e5 jeg ha min egen racket for \u00e5 delta p\u00e5 trening?<\/div><\/summary><div class=\"wp-block-coblocks-faq-item__answer\"><div>\n<p>Nei, du f\u00e5r l\u00e5ne b\u00e5de racket og fj\u00e6rballer!\ud83c\udff8<\/p>\n<\/div><\/div><\/details>\n\n\n\n<details class=\"wp-block-coblocks-faq-item\"><summary class=\"wp-block-coblocks-faq-item__question\"><div class=\"wp-block-coblocks-faq-item__question__content\">Er det dugnad?<\/div><\/summary><div class=\"wp-block-coblocks-faq-item__answer\"><div>\n<p>Ja, alle som er med p\u00e5 lagspill skal stille til dugnad. Vi h\u00e5per at ogs\u00e5 andre medlemmer stiller opp, da frivilligheten er drivkraften i klubben.<\/p>\n<\/div><\/div><\/details>\n\n\n\n<details class=\"wp-block-coblocks-faq-item\"><summary class=\"wp-block-coblocks-faq-item__question\"><div class=\"wp-block-coblocks-faq-item__question__content\">Jeg skal delta i en turnering. M\u00e5 jeg kj\u00f8pe min egen NTNUI-tr\u00f8ye?<\/div><\/summary><div class=\"wp-block-coblocks-faq-item__answer\"><div>\n<p>Nei, vi leier ut den offisielle NTNUI-tr\u00f8yen p\u00e5 alle turneringer, men ta gjerne en titt i <a href=\"https:\/\/ntnui.no\/badminton\/nettbutikk\/\" data-type=\"page\" data-id=\"3311\"><span style=\"color:#00843d\" class=\"has-inline-color\">nettbutikken<\/span><\/a> hvis du vil skaffe din egen.<\/p>\n<\/div><\/div><\/details>\n\n\n\n<details class=\"wp-block-coblocks-faq-item\"><summary class=\"wp-block-coblocks-faq-item__question\"><div class=\"wp-block-coblocks-faq-item__question__content\">Jeg vil kj\u00f8pe noe fra butikken, men er usikker p\u00e5 om st\u00f8rrelsen vil passe. Er det mulig \u00e5 pr\u00f8ve det?<\/div><\/summary><div class=\"wp-block-coblocks-faq-item__answer\"><div>\n<p>Ja, ta kontakt med noen fra styret p\u00e5 trening, eller send oss en e-post, s\u00e5 ordner vi det.<\/p>\n<\/div><\/div><\/details>\n<\/div>\n\n\n\n<p><\/p>\n","protected":false},"excerpt":{"rendered":"","protected":false},"author":571,"featured_media":0,"parent":0,"menu_order":0,"comment_status":"closed","ping_status":"closed","template":"","meta":{"_coblocks_attr":"","_coblocks_dimensions":"","_coblocks_responsive_height":"","_coblocks_accordion_ie_support":"","_price":"","_stock":"","_tribe_ticket_header":"","_tribe_default_ticket_provider":"","_tribe_ticket_capacity":"0","_ticket_start_date":"","_ticket_end_date":"","_tribe_ticket_show_description":"","_tribe_ticket_show_not_going":false,"_tribe_ticket_use_global_stock":"","_tribe_ticket_global_stock_level":"","_global_stock_mode":"","_global_stock_cap":"","_tribe_rsvp_for_event":"","_tribe_ticket_going_count":"","_tribe_ticket_not_going_count":"","_tribe_tickets_list":[],"_tribe_ticket_has_attendee_info_fields":false,"footnotes":""},"class_list":["post-3363","page","type-page","status-publish","hentry"],"featured_image_src":null,"featured_image_src_square":null,"jetpack_sharing_enabled":true,"_links":{"self":[{"href":"https:\/\/ntnui.no\/badminton\/wp-json\/wp\/v2\/pages\/3363","targetHints":{"allow":["GET"]}}],"collection":[{"href":"https:\/\/ntnui.no\/badminton\/wp-json\/wp\/v2\/pages"}],"about":[{"href":"https:\/\/ntnui.no\/badminton\/wp-json\/wp\/v2\/types\/page"}],"author":[{"embeddable":true,"href":"https:\/\/ntnui.no\/badminton\/wp-json\/wp\/v2\/users\/571"}],"replies":[{"embeddable":true,"href":"https:\/\/ntnui.no\/badminton\/wp-json\/wp\/v2\/comments?post=3363"}],"version-history":[{"count":17,"href":"https:\/\/ntnui.no\/badminton\/wp-json\/wp\/v2\/pages\/3363\/revisions"}],"predecessor-version":[{"id":5045,"href":"https:\/\/ntnui.no\/badminton\/wp-json\/wp\/v2\/pages\/3363\/revisions\/5045"}],"wp:attachment":[{"href":"https:\/\/ntnui.no\/badminton\/wp-json\/wp\/v2\/media?parent=3363"}],"curies":[{"name":"wp","href":"https:\/\/api.w.org\/{rel}","templated":true}]}}