{"id":1237,"date":"2018-08-09T02:12:46","date_gmt":"2018-08-09T02:12:46","guid":{"rendered":"https:\/\/ntnui.no\/badminton\/?page_id=1237"},"modified":"2026-03-17T12:24:08","modified_gmt":"2026-03-17T12:24:08","slug":"styret-2","status":"publish","type":"page","link":"https:\/\/ntnui.no\/badminton\/styret-2\/","title":{"rendered":"Styret"},"content":{"rendered":"\n<figure class=\"wp-block-image size-full is-style-default\"><img loading=\"lazy\" decoding=\"async\" width=\"2560\" height=\"1707\" src=\"https:\/\/ntnui.no\/badminton\/wp-content\/uploads\/sites\/246\/2026\/03\/2026-02-28_Elise_Hetlesaether_BDT-86-X5.jpg\" alt=\"Foto: Elise Hetleseather \/NTNUI Blits (CC BY 4.0)\" class=\"wp-image-5178\" \/><figcaption class=\"wp-element-caption\">Foto: Elise Hetleseather \/NTNUI Blits (CC BY 4.0)<\/figcaption><\/figure>\n\n\n\n<div class=\"wp-block-atomic-blocks-ab-columns ab-layout-service-3 ab-layout-columns-2 ab-2-col-wideright ab-columns-center alignwide\" style=\"padding-top:3%;padding-right:5%;padding-bottom:2%;padding-left:5%\"><div class=\"ab-layout-column-wrap ab-block-layout-column-gap-3 ab-is-responsive-column\" style=\"max-width:1405px\">\n<div class=\"wp-block-atomic-blocks-ab-column ab-block-layout-column\"><div class=\"ab-block-layout-column-inner\">\n<figure class=\"wp-block-image size-full\"><img loading=\"lazy\" decoding=\"async\" width=\"400\" height=\"600\" src=\"https:\/\/ntnui.no\/badminton\/wp-content\/uploads\/sites\/246\/2025\/09\/Martin.jpg\" alt=\"\" class=\"wp-image-4702\" \/><figcaption class=\"wp-element-caption\">Foto: Thomas Vinnes\/NTNUI(CC BY 4.0)<\/figcaption><\/figure>\n<\/div><\/div>\n\n\n\n<div class=\"wp-block-atomic-blocks-ab-column ab-block-layout-column ab-is-vertically-aligned-center\"><div class=\"ab-block-layout-column-inner\">\n<h3 class=\"wp-block-heading\">Martin Joon Ho \u00d8stensen<\/h3>\n\n\n\n<p><strong>Leder<\/strong><\/p>\n\n\n\n<p>Leder er ansvarlig for den daglige driften og koordinering av styrets og klubbens samlede aktiviteter.&nbsp;Leder representerer klubben utad og er v\u00e5r hovedkontaktperson, og ansvarlig for \u00e5 lede styrem\u00f8tene sammen med nestleder. <\/p>\n\n\n\n<p>Epost: <a href=\"mailto:badminton-leder@ntnui.no\">badminton-leder@ntnui.no<\/a> <\/p>\n\n\n\n<p>Tlf: 929 90 237<\/p>\n\n\n\n<p><\/p>\n<\/div><\/div>\n<\/div><\/div>\n\n\n\n<div class=\"wp-block-atomic-blocks-ab-columns ab-layout-service-3 ab-layout-columns-2 ab-2-col-wideleft ab-columns-center alignwide\" style=\"padding-top:3%;padding-right:5%;padding-bottom:2%;padding-left:5%\"><div class=\"ab-layout-column-wrap ab-block-layout-column-gap-3 ab-is-responsive-column\" style=\"max-width:1405px\">\n<div class=\"wp-block-atomic-blocks-ab-column ab-block-layout-column\"><div class=\"ab-block-layout-column-inner\">\n<h3 class=\"wp-block-heading\">Nora Omdal<\/h3>\n\n\n\n<p><strong>Nestleder<\/strong><\/p>\n\n\n\n<p>Nestlederen er lederens h\u00f8yre h\u00e5nd og en viktig st\u00f8ttespiller i den daglige driften av klubben, og de jobber tett sammen. Nestlederen fungerer ogs\u00e5 som lederens stedfortreder n\u00e5r lederen er borte, og tar da over ansvaret for \u00e5 lede klubben og representere den i ulike sammenhenger. <\/p>\n\n\n\n<p>Epost: <a href=\"mailto:badminton-nestleder@ntnui.no\">badminton-nestleder@ntnui.no<\/a><\/p>\n<\/div><\/div>\n\n\n\n<div class=\"wp-block-atomic-blocks-ab-column ab-block-layout-column ab-is-vertically-aligned-center\"><div class=\"ab-block-layout-column-inner\">\n<figure class=\"wp-block-image size-full\"><img loading=\"lazy\" decoding=\"async\" width=\"600\" height=\"800\" src=\"https:\/\/ntnui.no\/badminton\/wp-content\/uploads\/sites\/246\/2025\/09\/Nora.jpg\" alt=\"\" class=\"wp-image-4695\" \/><figcaption class=\"wp-element-caption\">Foto: Pernille S. Osmundsen\/NTNUI (CC BY 4.0)<\/figcaption><\/figure>\n\n\n\n<p><\/p>\n<\/div><\/div>\n<\/div><\/div>\n\n\n\n<div class=\"wp-block-atomic-blocks-ab-columns ab-layout-service-3 ab-layout-columns-2 ab-2-col-wideright ab-columns-center alignwide\" style=\"padding-top:3%;padding-right:5%;padding-bottom:2%;padding-left:5%\"><div class=\"ab-layout-column-wrap ab-block-layout-column-gap-3 ab-is-responsive-column\" style=\"max-width:1405px\">\n<div class=\"wp-block-atomic-blocks-ab-column ab-block-layout-column\"><div class=\"ab-block-layout-column-inner\">\n<figure class=\"wp-block-image size-full\"><img loading=\"lazy\" decoding=\"async\" width=\"1365\" height=\"2048\" src=\"https:\/\/ntnui.no\/badminton\/wp-content\/uploads\/sites\/246\/2026\/03\/2026-02-28_Elise_Hetlesaether_BDT-94-X4.jpg\" alt=\"Foto: Elise Hetleseather \/NTNUI Blits (CC BY 4.0)\" class=\"wp-image-5180\" \/><figcaption class=\"wp-element-caption\">Foto: Elise Hetleseather \/NTNUI Blits (CC BY 4.0)<\/figcaption><\/figure>\n<\/div><\/div>\n\n\n\n<div class=\"wp-block-atomic-blocks-ab-column ab-block-layout-column ab-is-vertically-aligned-center\"><div class=\"ab-block-layout-column-inner\">\n<h3 class=\"wp-block-heading\"><strong>Tarjei Mikael Sveen<\/strong><\/h3>\n\n\n\n<p><strong>Kasserer<\/strong><\/p>\n\n\n\n<p>Kassereren er klubbens &#8220;\u00f8konomisjef&#8221; og har det overordnede ansvaret for \u00e5 holde styr p\u00e5 pengene v\u00e5re. Kasserer s\u00f8rger for at alt g\u00e5r knirkefritt i den daglige \u00f8konomiske driften, ved \u00e5 f\u00f8re regnskapet v\u00e5rt og holde styr p\u00e5 klubbkontoen.<\/p>\n\n\n\n<p>Epost: <a href=\"badminton-kasserer@ntnui.no\">badminton-kasserer@ntnui.no<\/a><\/p>\n\n\n\n<p><\/p>\n<\/div><\/div>\n<\/div><\/div>\n\n\n\n<div class=\"wp-block-atomic-blocks-ab-columns ab-layout-service-3 ab-layout-columns-2 ab-2-col-wideleft ab-columns-center alignwide\" style=\"padding-top:3%;padding-right:5%;padding-bottom:2%;padding-left:5%\"><div class=\"ab-layout-column-wrap ab-block-layout-column-gap-3 ab-is-responsive-column\" style=\"max-width:1405px\">\n<div class=\"wp-block-atomic-blocks-ab-column ab-block-layout-column\"><div class=\"ab-block-layout-column-inner\">\n<h3 class=\"wp-block-heading\">Manas Dubey<\/h3>\n\n\n\n<p><strong>P\u00e5melding- og lagserieansvarlig<\/strong><\/p>\n\n\n\n<p>Turneringsansvarlig har ansvaret for planlegging og koordinering av klubbens deltagelse i eksterne turneringer. Dette inneb\u00e6rer blant annet \u00e5 legge ut informasjon om turneringer, organisere lag til lagserie, og bestilling av transport.<\/p>\n\n\n\n<p>Epost: <a href=\"mailto:badminton-pamelding@ntnui.no\">badminton-pamelding@ntnui.no<\/a><\/p>\n<\/div><\/div>\n\n\n\n<div class=\"wp-block-atomic-blocks-ab-column ab-block-layout-column ab-is-vertically-aligned-center\"><div class=\"ab-block-layout-column-inner\">\n<figure class=\"wp-block-image size-full\"><img loading=\"lazy\" decoding=\"async\" width=\"400\" height=\"600\" src=\"https:\/\/ntnui.no\/badminton\/wp-content\/uploads\/sites\/246\/2025\/09\/Manas-2.jpg\" alt=\"\" class=\"wp-image-4700\" \/><figcaption class=\"wp-element-caption\">Foto: Pernille S. Osmundsen\/NTNUI(CC BY 4.0)<\/figcaption><\/figure>\n\n\n\n<p><\/p>\n<\/div><\/div>\n<\/div><\/div>\n\n\n\n<div class=\"wp-block-atomic-blocks-ab-columns ab-layout-service-3 ab-layout-columns-2 ab-2-col-wideright ab-columns-center alignwide\" style=\"padding-top:3%;padding-right:5%;padding-bottom:2%;padding-left:5%\"><div class=\"ab-layout-column-wrap ab-block-layout-column-gap-3 ab-is-responsive-column\" style=\"max-width:1405px\">\n<div class=\"wp-block-atomic-blocks-ab-column ab-block-layout-column\"><div class=\"ab-block-layout-column-inner\">\n<figure class=\"wp-block-image size-full\"><img loading=\"lazy\" decoding=\"async\" width=\"1365\" height=\"2048\" src=\"https:\/\/ntnui.no\/badminton\/wp-content\/uploads\/sites\/246\/2026\/03\/2026-02-28_Elise_Hetlesaether_BDT-84-X4.jpg\" alt=\"Foto: Elise Hetleseather \/NTNUI Blits (CC BY 4.0)\" class=\"wp-image-5181\" \/><figcaption class=\"wp-element-caption\">Foto: Elise Hetleseather \/NTNUI Blits (CC BY 4.0)<\/figcaption><\/figure>\n<\/div><\/div>\n\n\n\n<div class=\"wp-block-atomic-blocks-ab-column ab-block-layout-column ab-is-vertically-aligned-center\"><div class=\"ab-block-layout-column-inner\">\n<h3 class=\"wp-block-heading\">Martin Joon Ho \u00d8stensen &amp; Nora Omdal<\/h3>\n\n\n\n<p><strong>Turneringsansvarlig<\/strong><\/p>\n\n\n\n<p>Turneringsansvarlig koordinerer alt av arrangementer som arrangeres av klubben. Dette inneb\u00e6rer blant annet turneringer som NTNUI Open.<\/p>\n\n\n\n<p>Epost: <a href=\"mailto:badminton-turneringsleder@ntnui.no\">badminton-turneringsleder@ntnui.no<\/a><\/p>\n\n\n\n<p><\/p>\n<\/div><\/div>\n<\/div><\/div>\n\n\n\n<div class=\"wp-block-atomic-blocks-ab-columns ab-layout-service-3 ab-layout-columns-2 ab-2-col-wideleft ab-columns-center alignwide\" style=\"padding-top:3%;padding-right:5%;padding-bottom:2%;padding-left:5%\"><div class=\"ab-layout-column-wrap ab-block-layout-column-gap-3 ab-is-responsive-column\" style=\"max-width:1405px\">\n<div class=\"wp-block-atomic-blocks-ab-column ab-block-layout-column\"><div class=\"ab-block-layout-column-inner\">\n<h3 class=\"wp-block-heading\">Gard Vik Langhammer<\/h3>\n\n\n\n<p><strong><strong>Sportslig ansvarlig \/ Parakontakt<\/strong><\/strong><\/p>\n\n\n\n<p>Sportslig ansvarlig er ansvarlig for at treningene g\u00e5r som de skal, og s\u00f8rger for at klubbens lag har trenere.<\/p>\n\n\n\n<p>Epost: <a href=\"mailto:badminton-sportslig@ntnui.no\">badminton-sportslig@ntnui.no<\/a><\/p>\n<\/div><\/div>\n\n\n\n<div class=\"wp-block-atomic-blocks-ab-column ab-block-layout-column ab-is-vertically-aligned-center\"><div class=\"ab-block-layout-column-inner\">\n<figure class=\"wp-block-image size-full\"><img loading=\"lazy\" decoding=\"async\" width=\"1365\" height=\"2048\" src=\"https:\/\/ntnui.no\/badminton\/wp-content\/uploads\/sites\/246\/2026\/03\/2026-02-28_Elise_Hetlesaether_BDT-92-X4.jpg\" alt=\"Foto: Elise Hetleseather \/NTNUI Blits (CC BY 4.0)\" class=\"wp-image-5182\" \/><figcaption class=\"wp-element-caption\">Foto: Elise Hetleseather \/NTNUI Blits (CC BY 4.0)<\/figcaption><\/figure>\n\n\n\n<p><\/p>\n<\/div><\/div>\n<\/div><\/div>\n\n\n\n<div class=\"wp-block-atomic-blocks-ab-columns ab-layout-service-3 ab-layout-columns-2 ab-2-col-wideright ab-columns-center alignwide\" style=\"padding-top:3%;padding-right:5%;padding-bottom:2%;padding-left:5%\"><div class=\"ab-layout-column-wrap ab-block-layout-column-gap-3 ab-is-responsive-column\" style=\"max-width:1405px\">\n<div class=\"wp-block-atomic-blocks-ab-column ab-block-layout-column\"><div class=\"ab-block-layout-column-inner\">\n<figure class=\"wp-block-image size-full\"><a href=\"https:\/\/ntnui.no\/badminton\/wp-content\/uploads\/sites\/246\/2026\/02\/2025-04-05_Pernille-S-Osmundsen-116_2.jpg\"><img loading=\"lazy\" decoding=\"async\" width=\"3014\" height=\"4521\" src=\"https:\/\/ntnui.no\/badminton\/wp-content\/uploads\/sites\/246\/2026\/02\/2025-04-05_Pernille-S-Osmundsen-116_2.jpg\" alt=\"\" class=\"wp-image-5106\" \/><\/a><figcaption class=\"wp-element-caption\">Photo: Pernille S. Osmundsen\/NTNUI Blits (CC BY 4.0)<\/figcaption><\/figure>\n<\/div><\/div>\n\n\n\n<div class=\"wp-block-atomic-blocks-ab-column ab-block-layout-column ab-is-vertically-aligned-center\"><div class=\"ab-block-layout-column-inner\">\n<h3 class=\"wp-block-heading\">Alireza Sedghi<\/h3>\n\n\n\n<p><strong>Materialansvarlig<\/strong><\/p>\n\n\n\n<p>Materialansvarlig har ansvaret for klubbens eiendeler og forbruksmateriale som fj\u00e6rballer og drakter, samt bestilling av n\u00f8dvendig utstyr. Har ogs\u00e5 ansvaret for \u00e5 ta imot bestillinger fra klubbens medlemmer.<\/p>\n\n\n\n<p>Epost: <a href=\"mailto:badminton-material@ntnui.no\">badminton-material@ntnui.no<\/a><\/p>\n\n\n\n<p><\/p>\n<\/div><\/div>\n<\/div><\/div>\n\n\n\n<div class=\"wp-block-atomic-blocks-ab-columns ab-layout-service-3 ab-layout-columns-2 ab-2-col-wideleft ab-columns-center alignwide\" style=\"padding-top:3%;padding-right:5%;padding-bottom:2%;padding-left:5%\"><div class=\"ab-layout-column-wrap ab-block-layout-column-gap-3 ab-is-responsive-column\" style=\"max-width:1405px\">\n<div class=\"wp-block-atomic-blocks-ab-column ab-block-layout-column\"><div class=\"ab-block-layout-column-inner\">\n<h3 class=\"wp-block-heading\"><strong>Wiktor Widzisz&nbsp;<\/strong><\/h3>\n\n\n\n<p><strong><strong><strong>Sosialansvarlig<\/strong><\/strong><\/strong><\/p>\n\n\n\n<p>Sosialansvarlig har ansvaret for \u00e5 planlegge sosiale arrangementer, samt \u00e5 jobbe for \u00e5 styrke milj\u00f8et i klubben. I l\u00f8pet av \u00e5ret gjennomf\u00f8res det blant annet arrangementer som bli-kjent fest, racketfest, lagfester, og 17. mai frokost.<\/p>\n\n\n\n<p>Epost: <a href=\"mailto:badminton-sosial@ntnui.no\">badminton-sosial@ntnui.no<\/a><\/p>\n<\/div><\/div>\n\n\n\n<div class=\"wp-block-atomic-blocks-ab-column ab-block-layout-column ab-is-vertically-aligned-center\"><div class=\"ab-block-layout-column-inner\">\n<figure class=\"wp-block-image size-full\"><img loading=\"lazy\" decoding=\"async\" width=\"1365\" height=\"2048\" src=\"https:\/\/ntnui.no\/badminton\/wp-content\/uploads\/sites\/246\/2026\/03\/2026-02-28_Elise_Hetlesaether_BDT-89-X4.jpg\" alt=\"Foto: Elise Hetleseather \/NTNUI Blits (CC BY 4.0)\" class=\"wp-image-5183\" \/><figcaption class=\"wp-element-caption\">Foto: Elise Hetleseather \/NTNUI Blits (CC BY 4.0)<\/figcaption><\/figure>\n\n\n\n<p><\/p>\n<\/div><\/div>\n<\/div><\/div>\n\n\n\n<div class=\"wp-block-atomic-blocks-ab-columns ab-layout-service-3 ab-layout-columns-2 ab-2-col-wideright ab-columns-center alignwide\" style=\"padding-top:3%;padding-right:5%;padding-bottom:2%;padding-left:5%\"><div class=\"ab-layout-column-wrap ab-block-layout-column-gap-3 ab-is-responsive-column\" style=\"max-width:1405px\">\n<div class=\"wp-block-atomic-blocks-ab-column ab-block-layout-column\"><div class=\"ab-block-layout-column-inner\">\n<figure class=\"wp-block-image size-full\"><img loading=\"lazy\" decoding=\"async\" width=\"1365\" height=\"2047\" src=\"https:\/\/ntnui.no\/badminton\/wp-content\/uploads\/sites\/246\/2026\/03\/2026-02-28_Elise_Hetlesaether_BDT-91-X4.jpg\" alt=\"Foto: Elise Hetleseather \/NTNUI Blits (CC BY 4.0)\" class=\"wp-image-5184\" \/><figcaption class=\"wp-element-caption\">Foto: Elise Hetleseather \/NTNUI Blits (CC BY 4.0)<\/figcaption><\/figure>\n<\/div><\/div>\n\n\n\n<div class=\"wp-block-atomic-blocks-ab-column ab-block-layout-column ab-is-vertically-aligned-center\"><div class=\"ab-block-layout-column-inner\">\n<h3 class=\"wp-block-heading\"><strong>Henrik Buvik<\/strong><\/h3>\n\n\n\n<p><strong><strong>Sponsor og dugnadsansvarlig<\/strong><\/strong><\/p>\n\n\n\n<p>Sponsor og dungnadsansvarlig har ansvaret for \u00e5 skaffe inntekter gjennom sponsoravtaler, samt dugnadsoppsettet.<\/p>\n\n\n\n<p>Epost: <a href=\"mailto:badminton-sponsor@ntnui.no\">badminton-sponsor@ntnui.no<\/a><\/p>\n\n\n\n<p><\/p>\n<\/div><\/div>\n<\/div><\/div>\n\n\n\n<div class=\"wp-block-atomic-blocks-ab-columns ab-layout-service-3 ab-layout-columns-2 ab-2-col-wideleft ab-columns-center alignwide\" style=\"padding-top:3%;padding-right:5%;padding-bottom:2%;padding-left:5%\"><div class=\"ab-layout-column-wrap ab-block-layout-column-gap-3 ab-is-responsive-column\" style=\"max-width:1405px\">\n<div class=\"wp-block-atomic-blocks-ab-column ab-block-layout-column\"><div class=\"ab-block-layout-column-inner\">\n<h3 class=\"wp-block-heading\">Susanne Gripsg\u00e5rd<\/h3>\n\n\n\n<p><strong><strong><strong><strong>Informasjonsansvarlig<\/strong><\/strong><\/strong><\/strong><\/p>\n\n\n\n<p>Informasjonsansvarlig har ansvaret for \u00e5 vedlikeholde klubbens nettside, nettbutikk, og holde informasjonen p\u00e5 disse oppdatert.<\/p>\n\n\n\n<p>Epost: <a href=\"mailto:badminton-info@ntnui.no\">badminton-informasjon@ntnui.no<\/a><\/p>\n<\/div><\/div>\n\n\n\n<div class=\"wp-block-atomic-blocks-ab-column ab-block-layout-column ab-is-vertically-aligned-center\"><div class=\"ab-block-layout-column-inner\">\n<figure class=\"wp-block-image size-full\"><img loading=\"lazy\" decoding=\"async\" width=\"680\" height=\"1137\" src=\"https:\/\/ntnui.no\/badminton\/wp-content\/uploads\/sites\/246\/2026\/03\/2.jpg\" alt=\"\" class=\"wp-image-5187\" \/><figcaption class=\"wp-element-caption\">Foto: Elise Hetleseather \/NTNUI Blits (CC BY 4.0)<\/figcaption><\/figure>\n\n\n\n<p><\/p>\n<\/div><\/div>\n<\/div><\/div>\n\n\n\n<div class=\"wp-block-atomic-blocks-ab-columns ab-layout-service-3 ab-layout-columns-2 ab-2-col-wideright ab-columns-center alignwide\" style=\"padding-top:3%;padding-right:5%;padding-bottom:2%;padding-left:5%\"><div class=\"ab-layout-column-wrap ab-block-layout-column-gap-3 ab-is-responsive-column\" style=\"max-width:1405px\">\n<div class=\"wp-block-atomic-blocks-ab-column ab-block-layout-column\"><div class=\"ab-block-layout-column-inner\">\n<figure class=\"wp-block-image size-full\"><img loading=\"lazy\" decoding=\"async\" width=\"3156\" height=\"4734\" src=\"https:\/\/ntnui.no\/badminton\/wp-content\/uploads\/sites\/246\/2025\/11\/2025-04-05_Elise_Hetlesaether_BSR-17.jpg\" alt=\"\" class=\"wp-image-4853\" \/><figcaption class=\"wp-element-caption\">Photo: Elise Hetlesaether\/NTNUI Blits (CC BY 4.0)<\/figcaption><\/figure>\n<\/div><\/div>\n\n\n\n<div class=\"wp-block-atomic-blocks-ab-column ab-block-layout-column ab-is-vertically-aligned-center\"><div class=\"ab-block-layout-column-inner\">\n<h3 class=\"wp-block-heading\"><strong>Veronica Juliussen Holmberg<\/strong><\/h3>\n\n\n\n<p><strong><strong>Styremedlem<\/strong><\/strong><\/p>\n\n\n\n<p>Styremedlemmer er styrets &#8220;poteter&#8221;, og hjelper til med alt mulig der det trengs.<\/p>\n\n\n\n<p>Epost: <a href=\"mailto:veronica.holmberg@ntnui.no\">veronica.holmberg@ntnui.no<\/a><\/p>\n\n\n\n<p><\/p>\n<\/div><\/div>\n<\/div><\/div>\n\n\n\n<div class=\"wp-block-atomic-blocks-ab-columns ab-layout-service-3 ab-layout-columns-2 ab-2-col-wideleft ab-columns-center alignwide\" style=\"padding-top:3%;padding-right:5%;padding-bottom:2%;padding-left:5%\"><div class=\"ab-layout-column-wrap ab-block-layout-column-gap-3 ab-is-responsive-column\" style=\"max-width:1405px\">\n<div class=\"wp-block-atomic-blocks-ab-column ab-block-layout-column\"><div class=\"ab-block-layout-column-inner\">\n<h3 class=\"wp-block-heading\"><strong>Brynjar Hus&nbsp;<\/strong><\/h3>\n\n\n\n<p><strong><strong><strong><strong>Styremedlem<\/strong><\/strong><\/strong><\/strong><\/p>\n\n\n\n<p>Styremedlemmer hjelper resten av styret der det trengs, men kan ogs\u00e5 ha hovedansvaret for et spesifikt omr\u00e5de. Dette er blant annet ansvaret for sosiale medier, PR, osv.<\/p>\n\n\n\n<p>Epost: <a href=\"mailto:veronica.holmberg@ntnui.no\">brynjar.hus@ntnui.no<\/a><\/p>\n<\/div><\/div>\n\n\n\n<div class=\"wp-block-atomic-blocks-ab-column ab-block-layout-column ab-is-vertically-aligned-center\"><div class=\"ab-block-layout-column-inner\">\n<figure class=\"wp-block-image size-full\"><img loading=\"lazy\" decoding=\"async\" width=\"1365\" height=\"2047\" src=\"https:\/\/ntnui.no\/badminton\/wp-content\/uploads\/sites\/246\/2026\/03\/2026-02-28_Elise_Hetlesaether_BDT-87-X4.jpg\" alt=\"Foto: Elise Hetleseather \/NTNUI Blits (CC BY 4.0)\" class=\"wp-image-5185\" \/><figcaption class=\"wp-element-caption\">Foto: Elise Hetleseather \/NTNUI Blits (CC BY 4.0)<\/figcaption><\/figure>\n\n\n\n<p><\/p>\n<\/div><\/div>\n<\/div><\/div>\n\n\n\n<div class=\"wp-block-group\"><div class=\"wp-block-group__inner-container is-layout-flow wp-block-group-is-layout-flow\"><\/div><\/div>\n\n\n\n<p><\/p>\n","protected":false},"excerpt":{"rendered":"","protected":false},"author":571,"featured_media":0,"parent":0,"menu_order":0,"comment_status":"closed","ping_status":"closed","template":"","meta":{"_coblocks_attr":"","_coblocks_dimensions":"","_coblocks_responsive_height":"","_coblocks_accordion_ie_support":"","_price":"","_stock":"","_tribe_ticket_header":"","_tribe_default_ticket_provider":"","_tribe_ticket_capacity":"0","_ticket_start_date":"","_ticket_end_date":"","_tribe_ticket_show_description":"","_tribe_ticket_show_not_going":false,"_tribe_ticket_use_global_stock":"","_tribe_ticket_global_stock_level":"","_global_stock_mode":"","_global_stock_cap":"","_tribe_rsvp_for_event":"","_tribe_ticket_going_count":"","_tribe_ticket_not_going_count":"","_tribe_tickets_list":[],"_tribe_ticket_has_attendee_info_fields":false,"footnotes":""},"class_list":["post-1237","page","type-page","status-publish","hentry"],"featured_image_src":null,"featured_image_src_square":null,"jetpack_sharing_enabled":true,"_links":{"self":[{"href":"https:\/\/ntnui.no\/badminton\/wp-json\/wp\/v2\/pages\/1237","targetHints":{"allow":["GET"]}}],"collection":[{"href":"https:\/\/ntnui.no\/badminton\/wp-json\/wp\/v2\/pages"}],"about":[{"href":"https:\/\/ntnui.no\/badminton\/wp-json\/wp\/v2\/types\/page"}],"author":[{"embeddable":true,"href":"https:\/\/ntnui.no\/badminton\/wp-json\/wp\/v2\/users\/571"}],"replies":[{"embeddable":true,"href":"https:\/\/ntnui.no\/badminton\/wp-json\/wp\/v2\/comments?post=1237"}],"version-history":[{"count":89,"href":"https:\/\/ntnui.no\/badminton\/wp-json\/wp\/v2\/pages\/1237\/revisions"}],"predecessor-version":[{"id":5188,"href":"https:\/\/ntnui.no\/badminton\/wp-json\/wp\/v2\/pages\/1237\/revisions\/5188"}],"wp:attachment":[{"href":"https:\/\/ntnui.no\/badminton\/wp-json\/wp\/v2\/media?parent=1237"}],"curies":[{"name":"wp","href":"https:\/\/api.w.org\/{rel}","templated":true}]}}